late the highest common divisor of 37200 and 5415.
15
What is the highest common divisor of 113265 and 71955?
135
Calculate the greatest common factor of 28344 and 104.
8
Calculate the highest common divisor of 134880 and 832322.
562
What is the greatest common divisor of 8526 and 11362722?
1218
What is the highest common factor of 25305300 and 2100?
300
Calculate the greatest common divisor of 67572 and 66108.
12
What is the greatest common factor of 12843993 and 34?
17
What is the greatest common divisor of 43877040 and 660?
60
What is the greatest common factor of 1148164518 and 2532?
1266
What is the greatest common divisor of 528 and 11586696?
264
What is the highest common divisor of 886812654 and 1092?
546
Calculate the greatest common factor of 9972464 and 32.
16
Calculate the highest common divisor of 46708 and 792.
4
What is the highest common factor of 154826 and 10843?
7
What is the highest common divisor of 249342 and 7946?
58
What is the highest common factor of 298872 and 920?
8
What is the greatest common factor of 282288 and 804?
12
What is the highest common factor of 25273820 and 36465?
715
Calculate the highest common divisor of 192 and 409026.
6
Calculate the highest common divisor of 3455856 and 6798.
618
Calculate the highest common factor of 1340 and 68022085.
335
What is the highest common divisor of 213496716 and 2343?
213
Calculate the greatest common factor of 21687694 and 490.
98
Calculate the greatest common divisor of 5929 and 781.
11
What is the greatest common divisor of 135060140 and 69?
23
What is the highest common divisor of 11400158 and 581?
7
Calculate the greatest common divisor of 4095896 and 128.
8
Calculate the greatest common divisor of 1001 and 4189549.
91
What is the greatest common factor of 1037 and 12139?
61
Calculate the greatest common factor of 763414 and 32.
2
Calculate the greatest common factor of 2379962 and 52.
26
Calculate the highest common divisor of 40438898 and 2682.
298
Calculate the highest common factor of 98213884 and 1492.
1492
What is the greatest common divisor of 1975 and 1280985?
395
Calculate the highest common divisor of 1001968 and 1188.
44
What is the greatest common factor of 216173653 and 2155?
431
Calculate the highest common factor of 12 and 961229856.
12
Calculate the greatest common divisor of 445400 and 2770660.
340
Calculate the highest common factor of 19824 and 397887.
21
Calculate the greatest common factor of 51345 and 358995.
105
What is the greatest common factor of 42018 and 73602?
282
Calculate the highest common divisor of 101898 and 7292898.
306
What is the greatest common factor of 107114 and 926184154?
15302
Calculate the highest common factor of 87475761 and 4131.
459
Calculate the highest common factor of 2 and 30583246.
2
Calculate the highest common factor of 161662382 and 56.
14
What is the greatest common divisor of 42521 and 185941?
101
Calculate the highest common factor of 84 and 69246968.
28
Calculate the highest common factor of 42 and 85567146.
42
Calculate the greatest common factor of 205808 and 2698.
38
What is the greatest common divisor of 1530 and 812286?
18
What is the highest common factor of 172476908 and 24016?
6004
What is the greatest common divisor of 6 and 6942057?
3
What is the highest common factor of 6705468 and 2464?
308
What is the greatest common factor of 170209016 and 1544?
1544
What is the greatest common divisor of 612 and 3197853?
153
Calculate the highest common divisor of 3 and 110335083.
3
What is the greatest common factor of 270 and 10301310?
270
What is the highest common factor of 110538421 and 9772?
2443
What is the highest common factor of 2568080 and 12977?
683
What is the highest common factor of 50911 and 9252295?
1039
Calculate the greatest common divisor of 3220 and 417749.
23
Calculate the highest common factor of 430 and 20824550.
10
Calculate the highest common factor of 654791 and 472149.
1943
Calculate the highest common factor of 1548 and 17022582.
774
What is the highest common divisor of 1518835283 and 1354?
677
Calculate the highest common factor of 48 and 953977656.
24
Calculate the highest common divisor of 202242128 and 46.
46
Calculate the highest common factor of 2181554 and 8410.
1682
Calculate the greatest common divisor of 36638 and 51898.
14
What is the greatest common factor of 1202604327 and 51?
51
What is the greatest common divisor of 50857712 and 164?
164
What is the greatest common factor of 8984 and 67305882?
2246
What is the highest common factor of 2946312 and 2981?
271
What is the highest common divisor of 754 and 24158914?
754
What is the greatest common divisor of 1065 and 32086675?
355
What is the greatest common factor of 462 and 4828098?
66
Calculate the greatest common divisor of 1814430 and 1085.
155
What is the greatest common divisor of 1139316 and 102524?
1444
What is the greatest common factor of 67851 and 62724480?
7539
What is the highest common factor of 2810 and 4181369920?
2810
What is the greatest common factor of 5548 and 30172?
76
Calculate the highest common factor of 2209526 and 1100.
22
What is the greatest common divisor of 7995 and 7915665?
615
Calculate the greatest common divisor of 379489 and 3586.
11
Calculate the greatest common divisor of 826351147 and 68.
17
What is the highest common factor of 5374915732 and 316?
316
What is the greatest common divisor of 1544 and 705608?
1544
Calculate the greatest common divisor of 22 and 333682558.
22
Calculate the highest common divisor of 6545 and 32612800.
935
What is the highest common divisor of 10314 and 148014?
54
What is the highest common factor of 925900 and 39574?
94
Calculate the greatest common divisor of 52273200 and 10.
10
Calculate the highest common divisor of 16224162 and 42.
6
What is the highest common divisor of 54 and 28631475?
27
Calculate the highest common divisor of 4585 and 141505.
35
Calculate the greatest common divisor of 11022009 and 1.
1
What is the greatest common factor of 460 and 14007805?
115
Calculate the greatest common divisor of 382 and 80129848.
382
What is the greatest common factor of 750686 and 969?
17
What is the greatest common factor of 3488637 and 45?
3
Calculate the highest common divisor of 182164824 and 72.
72
Calculate the highest common factor of 41655284 and 308.
44
Calculate the highest common divisor of 67 and 14801573.
67
What is the highest common divisor of 152238 and 258?
6
What is the greatest common divisor of 387545 and 305?
5
Calculate the greatest common factor of 1152 and 743319.
9
Calculate the highest common divisor of 54048 and 1044.
12
Calculate the highest common factor of 4860784 and 14498.
1318
Calculate the highest common factor of 1018604 and 100.
4
Calculate the highest common divisor of 695136 and 13.
13
Calculate the greatest common divisor of 21 and 913163937.
21
What is the highest common divisor of 148861991 and 237?
79
What is the greatest common factor of 142772 and 637252?
28
Calculate the greatest common divisor of 58941 and 682866.
531
What is the highest common factor of 219 and 396789?
3
What is the highest common factor of 742 and 400362?
106
What is the greatest common divisor of 85650 and 430050?
150
What is the highest common divisor of 4003476 and 5?
1
What is the highest common factor of 6586212 and 1884?
12
What is the highest common factor of 21488395 and 10?
5
Calculate the greatest common factor of 42 and 15742839.
21
What is the greatest common factor of 858153 and 6?
3
What is the greatest common factor of 4622506 and 289472?
9046
What is the greatest common factor of 41627939 and 213?
71
Calculate the greatest common divisor of 27965781 and 1397.
127
What is the greatest common divisor of 54381 and 246?
3
What is the greatest common factor of 7668 and 22675980?
852
Calculate the highest common divisor of 15294032 and 832.
208
What is the highest common factor of 10101 and 17654?
91
What is the greatest common factor of 6066237 and 1043?
149
Calculate the greatest common factor of 36782 and 2824233.
347
Calculate the greatest common factor of 28993218 and 6.
6
Calculate the greatest common divisor of 1786182 and 8376.
2094
Calculate the greatest common divisor of 22356 and 581985.
243
Calculate the gre